ts digit of j + 1/((-4)/(-32))?
7
Let t(v) = 4*v**2 + 4*v + 1. Let z be 6/4 - 153/34. What is the units digit of t(z)?
5
Let a be (42/(-4))/(-3)*8. Let b = a + -19. What is the units digit of b?
9
Let u = -120 + 431. What is the hundreds digit of u?
3
Let i = 54 + 4. What is the tens digit of i?
5
Let g = -53 - -83. Let h = -21 + g. What is the units digit of h?
9
Let t(b) = -7*b - 13. What is the units digit of t(-8)?
3
Suppose -5*h = -5, 0 = -5*q - 3*h - 86 + 264. What is the tens digit of q?
3
Let j(d) be the second derivative of d**6/360 + d**4/6 + 2*d. Let f(u) be the third derivative of j(u). What is the units digit of f(4)?
8
Suppose 3*c + r = 175, -187 = -3*c + r + 4*r. What is the units digit of c?
9
Let g(h) = h**2 + 2*h + 42. What is the units digit of g(0)?
2
What is the tens digit of 1*5/20 - 909/(-12)?
7
Let o = 298 - 189. Let d = o + -72. What is the units digit of d?
7
Let h = -170 + 412. What is the tens digit of h?
4
Let j be (-4)/3 + 2/(-3). Let b be (-1)/j*-3*2. Let n = b - -7. What is the units digit of n?
4
Suppose 0 = 9*f - 511 - 1109. What is the hundreds digit of f?
1
Suppose 0 = 9*k - 4*k - 290. What is the tens digit of (-1 - -3)*k/4?
2
What is the tens digit of (-12 - -4)/((-1)/2)?
1
Let i(w) = 4*w - 2 - 4*w - 4*w. Let g(a) = a**3 + 3*a**2 - 3*a + 2. Let b be g(-4). What is the units digit of i(b)?
6
Suppose n + 0*n - 9 = 0. What is the units digit of ((-21)/n)/((-5)/60)?
8
Suppose -n = 4*n - 180. What is the tens digit of n?
3
Let n(q) = -q**3 - 3*q**2 + 2*q - 4. Let t be n(-4). Let a = t - 0. Let r = 5 - a. What is the units digit of r?
1
Let a(q) = -2*q**3 - 5*q**2 + 3*q + 6. Suppose -5*n = -5*f - n - 4, 5*n = -2*f - 28. What is the units digit of a(f)?
2
Let l = -53 + 132. What is the tens digit of l?
7
Suppose -4*v - 2*z + 28 = 0, -4*z - 4 = -6*z. Let w(i) = -i**3 + 5*i**2 + 10*i - 9. What is the tens digit of w(v)?
1
Let p be 2*-2*1/(-2). Let d(b) = b**3 + 5*b**2 - 2*b - 7. Let z be d(-5). Suppose -p*c - c + 15 = o, -3*o = -z*c + 15. What is the units digit of c?
5
Let g(u) = 3*u + 1. Let w(t) = 2*t + 2. Let z(f) = 3*g(f) - 2*w(f). Let q be z(-2). Let p = q + 22. What is the tens digit of p?
1
Suppose -2*x + 2*q + 4 = -10, 0 = 4*q + 12. Suppose 1 = -f + x. Suppose -2*j + j = f*l - 38, -70 = -5*l - 5*j. What is the tens digit of l?
1
Let s = 0 + 4. Suppose -x = -s*x + 45. What is the units digit of x?
5
Let v be 0/2 + 3 + -3. Suppose v*m = -2*m + 64. What is the tens digit of m?
3
Let p be 108 + -2 + 2 + -1. Let w = p - 75. Suppose -2*o - 5*i + w = 0, 3*o + i - 10 = 2*o. What is the units digit of o?
6
Let j be -20*3/(-12)*2. Let k be (36/j)/(8/20). Let p = 15 - k. What is the units digit of p?
6
Let g be 6/21 - 26/(-7). Suppose 0 = -g*m + 2*m - 2. What is the units digit of m/(-1*3/18)?
6
Suppose 2*r = t - 16 - 12, -5*t + 133 = -3*r. What is the units digit of t?
6
Let i = -3 - -18. Let z be i + 1 + 10/5. Let x = 37 - z. What is the tens digit of x?
1
Suppose -2*x = -5*x. Suppose x = -2*k + k + 13. What is the tens digit of k?
1
Let c = 153 - 46. What is the hundreds digit of c?
1
Let u be 9/(-6) - (-6)/4. Suppose -5*z + 51 + 89 = u. What is the tens digit of z?
2
Suppose 1592 = 11*d - 102. What is the units digit of d?
4
Suppose -8*a - 5 = -3*a. Let n = a + 16. Suppose o - 2*h = 18, 0 = 4*o - 3*h + n - 62. What is the units digit of o?
8
Let q = -8 + 11. Let x = q - 0. Suppose -c + x = 0, 3*n + 3*c - 16 = 23. What is the units digit of n?
0
Suppose 0 = -4*q - 0*q - 16. Let v be 73/q + (-1)/(-4). Let c = -13 - v. What is the units digit of c?
5
Suppose -4*f + 6*f = 4. Suppose 4*q - 22 = f. Suppose 0 = -3*x + 4*t + 25, q + 4 = 2*t. What is the units digit of x?
5
Let y = -26 + 36. Suppose -y - 4 = -2*r. Suppose 5*s - 32 + r = 0. What is the units digit of s?
5
Let y(r) = -r**3 + 4*r + 1. Suppose -5*o - 31 = 4*m, -3*o + 4*m - 2 = -9. Let g be y(o). Suppose z + z - g = 0. What is the units digit of z?
8
Let j(h) = 13*h + 21. What is the units digit of j(6)?
9
What is the units digit of (6/(-2) - -5) + 71?
3
Suppose -3*t + 3 = 48. Let s = -9 - t. What is the units digit of 9/2 + (-3)/s?
4
Let x(f) be the second derivative of f**4/12 - f**3 - 3*f**2 - 2*f. What is the units digit of x(8)?
0
Let l(q) = 13*q**2 + q. Let s be l(-1). Let k be 44/s - 2/(-6). Let z(i) = 3*i - 5. What is the units digit of z(k)?
7
Let h(v) = -v**3 - 13*v**2 - 12*v + 11. Let k be h(-12). Suppose -2*f = -k - 1. What is the units digit of f?
6
Let s(c) = -c + 7. Let f be s(3). Suppose -2*m + m = -f. Suppose -4*q + 40 = m*g, 5*g - 25 = 2*g + 2*q. What is the units digit of g?
9
Suppose 0 = 5*y + 3*m - 128, 3*y = -5*m + 59 + 21. What is the tens digit of y?
2
What is the units digit of (-1 + -1)/(5/(-10))?
4
Let m = -75 + 110. Suppose 5*z = -3*q + m, 0 = -8*q + 4*q + 5*z. What is the units digit of q?
5
Let y = 5 + -4. Let a be (-2 - -2) + 6/y. Suppose 2*g - a*g = -40. What is the tens digit of g?
1
Let j be 2*(1 - 2) - -4. Suppose -j*k = -k - 12. What is the tens digit of k?
1
Suppose 5*l - 51 = -y, -2*y + 0*y = 3*l - 32. What is the units digit of l?
0
Suppose -5*a - 3*b + 173 = -0*a, 2*b = -2*a + 66. What is the units digit of a?
7
Let f = -81 - -137. Let d = -37 + f. What is the tens digit of d?
1
Let y(s) = -s**2 + 8*s - 3. What is the units digit of y(6)?
9
Let c = 8 - 15. Let y(s) = -s**3 - 8*s**2 - 8*s - 4. What is the units digit of y(c)?
3
Let o be (0 - 3)/12*-148. Let v = o - 5. What is the tens digit of v?
3
Let c = -1 - 2. Let b(h) = -h - 1. Let m be b(c). Suppose -m*w = -0 - 10. What is the units digit of w?
5
Suppose -5*a - 36 = -11. Let v = -3 - a. What is the tens digit of (2 - 1)/(v/20)?
1
Suppose 0 = 2*p + 4*i + 8, -3*p + 0*i - 3*i = -3. Let y = p - 4. Suppose 0 = y*d - 10 - 10. What is the units digit of d?
0
Suppose -4*x + x = 3*i - 681, -3*x - 5*i + 673 = 0. What is the units digit of x?
1
Suppose -9*b + 5*b + 516 = 0. What is the tens digit of b?
2
Suppose p + 46 = -h, 0 = -4*p - 6*h + 3*h - 187. Let g = p + 69. What is the tens digit of g?
2
Let b(v) = -20*v**3 - 3*v - 4. What is the units digit of b(-2)?
2
Suppose 5*w - 2*c - 11 + 1 = 0, -15 = -5*w + c. Suppose -2*v - w = -34. What is the tens digit of v?
1
Let g(b) = -14*b - 1. Let s(p) = p**2 + 2*p - 4. Let o be s(-3). What is the units digit of g(o)?
3
Let n(h) = -2*h - 1. What is the units digit of n(-13)?
5
Let w(m) = 21*m - 5. What is the tens digit of w(2)?
3
Suppose 2*t = 3*z - 0*z + 73, 0 = z - 4*t + 21. Let k = 47 + z. Suppose -2*y - c = c - k, -4*y + 4*c = -4. What is the units digit of y?
6
Let b(d) = d**2 + 2*d - 3. Let a be b(2). Suppose 101 = a*k + 4*u, 2*k + 12 = -5*u + 49. What is the units digit of k/9*3/1?
7
Suppose -73 = -3*w + c, 0 = -c + 2*c - 5. What is the units digit of w?
6
Let q(g) = 2*g**3 + g + 88. What is the units digit of q(0)?
8
Suppose -3 + 23 = 4*r. What is the units digit of r?
5
Let o(r) = 5*r + 51. What is the tens digit of o(19)?
4
Suppose 4*u - 163 = -3. What is the tens digit of u?
4
Let y = 15 - 7. What is the units digit of y?
8
Let n(g) = g**3 + 7*g**2 + 5*g - 3. Let l be n(-4). Suppose -5*w = -l - 15. What is the tens digit of (w/(-16))/(1/(-20))?
1
Let l be ((-3)/(-2))/(2/(-52)). What is the units digit of (1 + 4/(-3))*l?
3
Suppose p - 4*k + 18 = 0, -5*p - 4 = -3*k + 1. Suppose -p*z + 24 = 2*z. What is the units digit of z?
6
Let n = 30 - 9. What is the units digit of n?
1
Let z(b) = 4*b**3 - 2*b**2 + 2*b + 2. What is the units digit of z(2)?
0
Suppose 3*k - 5*a - 12 = 0, -3*a = 4*k - 0*a - 45. Suppose 4*y - 3*y = -n + 1, -4*n = 5*y - k. Suppose -y*i + 27 = -23. What is the tens digit of i?
1
Let x(j) = -7*j**2 - 6*j - 4 - 4 + j**3 + 14*j. Let f be x(6). Suppose -2*d - 4*p - 17 = d, 0 = -f*d - 2*p - 6. What is the units digit of d?
1
What is the hundreds digit of (644/6)/((-30)/(-45))?
1
Suppose -5*w + 13 = -x - 23, 0 = 5*x + 5. What is the units digit of w?
7
Let l = -19 + 8. Let u = -22 - l. Let g = -8 - u. What is the units digit of g?
3
Let l = 4 - -26. What is the units digit of l?
0
Let y = -1 - -6. Let t = y - 2. Suppose -l + t*p = -15, -l + 37 = 2*l - 5*p. What is the units digit of l?
9
Suppose 0 = -2*r - 7 - 9. Let o be (-51)/1*(-9 - r). Suppose 0 = -u - 2*u + o. What is the units digit of u?
7
Let q(f) = -2*